 the greatest common factor of 20 and n.
4
Let x = -24 - -38. Let c = x - -3. What is the highest common factor of 17 and c?
17
Let m = -20 - -20. Let b be (m - 18)/(12/(-8)). What is the highest common factor of 12 and b?
12
Let k = 372 - 216. Let t = -18 + k. Suppose -2*h - t = -4*c - c, -5*h = 20. Calculate the greatest common divisor of 65 and c.
13
Suppose 3*d = h - 7, -h - 1 = -5*d - 10. Let z be (1/1)/(h/12). What is the highest common divisor of 2 and z?
1
Let f = -1 - -25. Let t be -90*(-1 - (-1)/(-3)). Let m be (-2 - 5/(-2))*t. Calculate the highest common factor of m and f.
12
Suppose 0 = 5*s - w - 1236, -s + 232 = -0*s - 4*w. Suppose -4*a + 72 + s = 0. Let k be (32/6)/(3/9). What is the highest common factor of a and k?
16
Suppose 8*i - 180 = 4*i. Suppose -3*z - 2*z - 3*t = -39, -i = -5*z - 5*t. Let v = 10 + -1. Calculate the highest common divisor of z and v.
3
Suppose 4*c = 14 + 90. Let i = c + -14. What is the greatest common factor of i and 96?
12
Let x(h) = 3*h**3 - 3*h**2 + 3*h. Let b be x(2). Calculate the greatest common divisor of b and 180.
18
Suppose 3*p + 4*o = p + 60, 3*p - o = 76. Let h = -397 + 436. What is the highest common factor of h and p?
13
Let h be (-2)/7 - 8/(-28). Let p be (h + 4)/((-1)/(-2)). Suppose 4*k = 4*w - 28, -2*w + 0*w + 3*k + 19 = 0. What is the greatest common divisor of p and w?
2
Let i be 3*-5*(-1)/3. Let h = -91 - i. Let d be ((-6)/9)/(1/h). Calculate the highest common factor of 8 and d.
8
Let p(q) be the third derivative of -1/4*q**4 - 1/60*q**5 + 0*q + 4*q**2 + 0 + 2/3*q**3. Let x be p(-3). What is the highest common divisor of x and 52?
13
Let v be 5/(-10)*(-37 - 1). Let d = v - 6. Suppose -p = -71 - d. Calculate the highest common divisor of p and 12.
12
Suppose -298 + 58 = -10*o. What is the greatest common factor of o and 16?
8
Let k(p) = p**2 - 4*p - 8. Let b be k(6). Let z = -4 - -6. What is the greatest common divisor of b and z?
2
Suppose 3*l = 4*m + 304, -392 = -0*l - 4*l + 2*m. Calculate the highest common factor of l and 24.
24
Let h = 14 + 6. Let y(r) = -r**2 - 1. Let q be y(3). Let g be (q/2)/((-2)/2). What is the greatest common factor of g and h?
5
Let u be 0 + -4 - -6 - -74. Suppose -2*h + 346 = u. What is the greatest common divisor of 15 and h?
15
Suppose 2*d - 8 = -3*g, 1 = -3*g + 5*d + 2. Calculate the highest common factor of 3 and g.
1
Suppose -4*x = 5*z, -2*x + 17 = -x - 3*z. Let r(c) = 9*c + 4. Let y be r(x). Calculate the highest common divisor of 7 and y.
7
Suppose 242 = 3*u + 8*u. Let o = 70 - -62. Calculate the highest common divisor of o and u.
22
Suppose c + 59 = 4*l, 2*c = -5*l + 6*c + 71. What is the greatest common divisor of 3 and l?
3
Let l(f) be the first derivative of f**3/3 - 3*f**2/2 + 5*f + 3. Let k be l(4). What is the greatest common divisor of k and 27?
9
Suppose 8*h + 396 = 12*h. What is the highest common factor of 11 and h?
11
Let i(o) = o**3 + 5*o**2 - 6*o + 2. Let p be i(-6). Suppose -p*d + 3*d - 5 = 0. Let j be (-56)/(-1) + 1*-1. What is the highest common factor of d and j?
5
Let x(i) = i**3 + i**2 - i - 2. Let c be x(2). Suppose m + 1 - 5 = 0. Let l = 8 - m. What is the highest common divisor of c and l?
4
Let h(s) = -s**3 - 5*s**2 - s + 12. Let x be h(-5). Calculate the greatest common divisor of 153 and x.
17
Let l be (-2)/(-7) + 18/(-14). Let f be 75 + l - (6 - 4). Calculate the greatest common divisor of f and 8.
8
Suppose 0 = 4*s - 3*n - 233, 50 = s + 15*n - 13*n. Calculate the greatest common divisor of 24 and s.
8
Let z(s) = -s**2 + s. Let y(m) = -2*m**2 + m. Let b(a) = -6*y(a) + 7*z(a). Let u be b(-2). Calculate the greatest common factor of 6 and u.
6
Let m be (1/2)/(3/288). What is the greatest common divisor of 12 and m?
12
Let n(t) = -6*t + 4 + 3 - 1 - 2. Let d be n(-3). What is the highest common divisor of 2 and d?
2
Let b(x) = -3*x - 3. Let q be b(-3). Let s = -2 + q. Suppose 0*a + 20 = 3*a + t, 4*a + s*t = 16. What is the greatest common factor of 32 and a?
8
Let l(v) = v**3 + 4*v**2 - 6*v - 5. Let r be l(-5). Suppose -q - q + 4 = r. Let o be -5*((-16)/4 + 3). Calculate the greatest common factor of q and o.
1
Suppose 0 = -9*s - 0*s + 2178. Calculate the greatest common factor of 22 and s.
22
Suppose 2*x + 0*x = 320. Calculate the highest common factor of x and 32.
32
Let p be 2368/56 - (-2)/(-7). Calculate the greatest common factor of p and 28.
14
Let x = 2 + -4. Let p be (40/2)/(x + 3). Calculate the highest common divisor of 50 and p.
10
Suppose 3*v - 7 + 1 = 0. Let t = 23 + v. Suppose 5*q + t = 0, y + 2*q - 3*q = 40. Calculate the greatest common divisor of y and 14.
7
Let z(d) = d**2 - 2*d + 2. Let w be z(2). Suppose -w*s + 8 = -s. Suppose -4*o + 32 + s = 0. What is the greatest common factor of o and 50?
10
Let z be (-26)/117 + 398/9. Calculate the greatest common factor of 4 and z.
4
Let d be ((-6)/18)/(2/(-222)). Let w = d + -26. What is the greatest common divisor of 1 and w?
1
Let q be (-2 + -1)/(7/21). Let v = 48 + q. Calculate the greatest common factor of v and 13.
13
Let m be 6/4*(-560)/(-15). Suppose 4*w - 4*x = m, 4*x + 66 = 3*w + 2*w. Let q be (-2)/((-3)/(3*w)). What is the highest common factor of q and 60?
20
Suppose -5*b + 142 = -4*u, -b - 9 = -u - 37. Calculate the greatest common divisor of 20 and b.
10
Suppose 240 = 2*u + 4*u. Calculate the greatest common divisor of 40 and u.
40
Suppose 0 = 12*m - 6*m - 600. Calculate the greatest common factor of m and 40.
20
Let m = 35 - 24. Suppose -3*w + m = d, -5*d - 2 = -27. Let o be 5/(1/22*w). What is the greatest common factor of 11 and o?
11
Let z = -141 - -142. Let f = 11 - 7. What is the highest common divisor of f and z?
1
Let t(j) = 2*j + 2. Let u = -4 + 0. Let a be (-3 + u/(-1))*3. Let o be t(a). Calculate the greatest common divisor of 64 and o.
8
Let n = -206 + 404. Calculate the highest common factor of 22 and n.
22
Suppose 0 = -5*y - 15, -3*t = -3*y - 127 + 10. Suppose -2*x = -4*x + t. Let v be 0/1 + -2 + x. What is the greatest common factor of v and 40?
8
Let t(r) = 19*r**3 + 2*r**2 - 3*r + 2. Let i be t(1). Calculate the greatest common divisor of i and 220.
20
Let z = 73 - 58. Calculate the greatest common divisor of z and 60.
15
Suppose 4*w + 5*v = -3, 0 = -3*w - 7*v + 2*v - 6. Let b be ((-12)/10)/(w/(-10)). Let l be -2 + 0 - -3*b. What is the greatest common divisor of 80 and l?
10
Suppose w - 34 = -8. Let j(f) = -f + 3. Let s be j(-3). Suppose 3*y - s*y + 39 = 0. Calculate the greatest common factor of w and y.
13
Let u = -122 + 172. Suppose 3*l - 20 = 2*l. What is the greatest common factor of u and l?
10
Let h(m) = m**3 + 5*m**2 - 5*m + 5. Let w be h(-5). Suppose -3*n + 12 - w = 0. Let a be (-4)/(-1 + n/(-9)). Calculate the highest common factor of 6 and a.
6
Let j be -1 + -54*(-3)/6. Suppose 133 = 4*a - 127. What is the highest common divisor of a and j?
13
Let a(s) = 2*s**3 - 3*s**2 - 6*s + 4. Let g = -3 - -2. Let m be g/5 + 42/10. Let z be a(m). Calculate the highest common factor of z and 15.
15
Let z = -16 - -25. Let m be (873/27)/(1/3). Suppose m = -3*g + 286. Calculate the greatest common factor of g and z.
9
Let t(m) = -112*m + 7. Let r be t(-2). What is the highest common divisor of r and 33?
33
Suppose -10 = -i + 8. Suppose -h - i = -4*h. What is the highest common factor of h and 6?
6
Let k be (-7)/(-14) - 131/(-2). Calculate the greatest common factor of 22 and k.
22
Let h = -6 - -22. Suppose 3*o - 96 = o. Calculate the greatest common divisor of o and h.
16
Suppose 0 = -2*b - b + 6. Suppose b*n = 4*n + 4. Let j be -1 + -1 - (n + -2). Calculate the highest common divisor of 14 and j.
2
Let n(u) = u - 4. Let o be n(4). Suppose -20 = -3*d + s, -4*d + o*s + 29 = s. Let r = -39 + 60. What is the highest common divisor of d and r?
7
Let t be 160/28 + 4/14. Let m = 14 - t. What is the highest common divisor of 8 and m?
8
Suppose 4*w - 76 = -0*w. What is the highest common divisor of 209 and w?
19
Let g be 18/12*4/6. Let h be (-4)/3 - (-2)/(-3). Let p be (h/(-6))/(1/3). What is the greatest common divisor of g and p?
1
Let t(m) = m**2 - 9*m - 6. Let f be t(8). Let u be f*12/(-8) + -2. What is the greatest common factor of u and 152?
19
Let o = -110 + 162. What is the highest common factor of o and 130?
26
Suppose -5*z + 47 = -23.